(7). Let z(i) = i**3 - 6*i**2 + 5*i + 4. Calculate z(j).
4
Let g(x) = 4*x + 28 - 10*x**2 - 22*x - 8*x**2 - 3*x**3 + 2*x**3 - 22. What is g(-17)?
23
Let q(i) be the first derivative of i**3/3 - 3*i**2/2 - 55*i + 576. Give q(9).
-1
Let q be (-17)/(-3) + 62/(-93). Let c(g) = g**2 - 4*g - 4. Give c(q).
1
Let w(s) = 8*s + 1. Suppose 0 = -b - h + 2*h + 9, 3*h - 5 = -5*b. Suppose b*x + 1 = -3. Let g be ((-1)/3*-3)/x. Determine w(g).
-7
Let z(t) = -4*t + 62. Let g be z(15). Let m(i) = 3*i - 11. Give m(g).
-5
Suppose 57*t + 4 = 56*t. Let r(j) = -5*j**2 - 5*j + 2. What is r(t)?
-58
Let y(g) = 10 + 22*g**3 - 3*g - 3*g**3 - 4*g - 18*g**3 + 6*g**2. What is y(-7)?
10
Let m(z) be the second derivative of z**5/20 + z**4/4 - z**3 - z**2 - 17*z. Let j(f) = 2*f - 46. Let x be j(21). Determine m(x).
6
Suppose 2*n + 3*n - 20 = 0. Suppose -i + 0 = 1, 0 = -n*r + 5*i + 37. Suppose -s - 1 = -r. Let y(x) = -x + 15. What is y(s)?
8
Let o(r) be the third derivative of r**5/60 - r**4/6 - 5*r**3/3 - 34*r**2 + r. Give o(5).
-5
Let u(k) = k**2 + 2*k - 2. Let z be (0/(-3))/(-22 + 18). What is u(z)?
-2
Let y(f) be the third derivative of f**5/60 - f**4/24 + 5*f**3/6 + 146*f**2. Calculate y(5).
25
Let t(k) = -2. Let m(s) = -3*s + 0*s - 1 + 2*s. Let p(v) = 4*m(v) - 3*t(v). Determine p(2).
-6
Let d(r) = 3*r**2 + r + 1. Let w be d(-1). Suppose f - 5*p + 15 = 0, 0 = 3*f - 2*p + w*p - 3. Let x(o) = o**3 - o - 1. Calculate x(f).
-1
Let p(z) = 3*z**2 - z - 2*z**2 + 1 - 2*z**2. Let c(g) = 4*g**3 + 5*g**2 - 6*g + 1. Let v be c(-2). Calculate p(v).
-1
Let j(c) = 2*c + 15. Let r be j(7). Suppose -93 = -3*n - 3*z, 4*n - 67 = 2*n - z. Let g = n - r. Let o(d) = d**3 - 6*d**2 - 8*d + 8. Give o(g).
1
Suppose -53*z + 56*z = 3*c + 48, -26 = c - 3*z. Let t(l) = l**2 + 12*l - 5. What is t(c)?
-16
Let r(c) = 4*c**2 + 45*c + 8. Let z be r(-11). Let o(h) = -h**2 + 3*h + 6. Calculate o(z).
-12
Let k(c) = c**3 + 8*c**2 - c - 13. Let b be -2 + (-3 + -4 - -1). What is k(b)?
-5
Let b(q) = -2*q + 5*q**2 + 5 + 3*q + 5*q + 0*q + q**3. Let l = -13 + 8. Let r(g) = g**3 + 4*g**2 - 4*g + 1. Let a be r(l). Calculate b(a).
-3
Let h(z) = 4*z**2 - 3*z - 3. Let n = 306 + -303. What is h(n)?
24
Let g(i) be the first derivative of -i**3/3 - 3*i**2 + 2*i - 417. What is g(-6)?
2
Let k(p) = p**2 + p - 4. Let y be k(-4). Let m(n) = -7 - 8*n + 9*n**2 + 7*n + y + n**3. Give m(-9).
10
Let n(r) = -r**3 + 4*r**2 + r - 5. Suppose 0 = 95*o - 18*o - 308. What is n(o)?
-1
Let f(q) = q + 1. Let r(k) = -10*k - 3. Let d(t) = -5*f(t) - r(t). Suppose 10*p = 9*p + 3. Let y be (-8)/(-8) - (1 - p). What is d(y)?
13
Let i(n) = n - n**3 - 1 - 3*n - 2*n**2 + 0*n**2. Let q(h) = -h**3 - 19*h**2 + 3*h + 56. Let c be q(-19). What is i(c)?
0
Let z = 183 - 114. Let b(s) = 66 + z - 130 + s. What is b(5)?
10
Let o(n) = -n**3 + 6*n**2 + 7*n + 4. Suppose m + 0*m - 20 = -4*d, 4*m + 5*d - 25 = 0. Suppose 0 = 3*y + 2*t - 3*t - 20, -y - 5*t + 12 = m. Determine o(y).
4
Let w(i) = 38*i + 8. Let a(b) = 25*b + 5. Suppose 3*u + 16 = 5*r - 29, 2*u = -3*r - 49. Let z = -28 - u. Let t(d) = z*a(d) + 5*w(d). Calculate t(1).
-10
Let f(i) be the third derivative of -5*i**4/24 + 29*i**3/6 - 2*i**2 - 118*i. What is f(6)?
-1
Let q be -2*(-4)/6*18/12. Let v(p) = -8 - 3*p**q - 6 - p + 15 - p**3 + 0*p. Determine v(-3).
4
Let m(t) = 6*t + 1. Let b = 80 - 78. Suppose 2*c + 20 = 4*a, 5*c = b*a - 8 - 10. Determine m(c).
-11
Let w(c) = -8*c + 2. Let r be w(0). Let o(i) = 7*i - 19*i**2 + 1 - 16*i**2 + 33*i**r. Calculate o(6).
-29
Let v(b) = -b**2 - 8*b - 5. Let i = -370 - -363. Determine v(i).
2
Let x(y) be the first derivative of -y**3/3 - 4*y**2 - 8*y - 349. What is x(-6)?
4
Let s(r) = -2*r + 0*r + 127 - r**2 - 128. Suppose 0 = -2*b - 4 - 2. What is s(b)?
-4
Let t(q) = 35*q**3 - 4*q + 49. Let z(b) = -79*b**3 + 9*b - 99. Let i(y) = -9*t(y) - 4*z(y). Give i(0).
-45
Suppose 35 = w + 4*w. Let n(i) = -8 + w + 3. Let a(q) = -q. Let d(p) = -a(p) - n(p). What is d(-3)?
-5
Let i(n) be the first derivative of n**4/4 + 19*n**3/3 - n**2/2 - 13*n + 35. Calculate i(-19).
6
Let s(l) = 3*l**2 + 47*l - 26. Let a(o) = 2*o**2 + 31*o - 17. Let w(y) = -8*a(y) + 5*s(y). Give w(-13).
6
Let h(i) = i**3 - 6*i**2 + i - 1. Let v(o) = -4*o**3 + o**3 + 2*o**3 + 5*o - 3*o - 12 + 8*o**2. Let p be v(8). Let s be p/10 - 84/(-15). Determine h(s).
5
Let s(d) = d**2 - 3. Let p be 1/8 - (-1335)/(-120). Suppose -4*h + 2*j - 48 = 0, h + 3*j = -2 - 3. Let u = p - h. Calculate s(u).
-3
Let n(m) = m**2 + 57*m + 25*m**3 - 56*m - 26*m**3 + 1. Determine n(2).
-1
Let i(a) = a + 20. Let b = 28 + -41. Let t be i(b). Let q(n) = -n**2 + 8*n - 9. Give q(t).
-2
Let v(y) = -5737 + 0*y + 5747 + y. Give v(-15).
-5
Let d(j) be the second derivative of -j**6/360 - j**4 - 5*j. Let b(p) be the third derivative of d(p). Give b(4).
-8
Let t(q) = 2*q**3 - 2. Let n(z) be the second derivative of -z**4/12 + 4*z**3/3 - 9*z**2/2 - 2*z. Let h be n(7). Give t(h).
-18
Let u(x) be the first derivative of 3*x**4/4 - x**3/3 - x**2/2 - 2*x - 5. What is u(2)?
16
Suppose 0 = -u - 3*u. Suppose -2*o = -u*o - 4. Let n(y) be the second derivative of -y**4/6 + y**3/2 - y**2/2 + 2*y - 7. Give n(o).
-3
Suppose 18 = -4*t + t. Let f(p) be the first derivative of 3*p**2 + 1/3*p**3 - p - 17. What is f(t)?
-1
Let w(h) = 16*h**3 - 12*h**2 + 9*h - 8. Let d(r) = -9*r**3 + 6*r**2 - 4*r + 4. Let i(x) = 7*d(x) + 4*w(x). Give i(5).
11
Let w(h) = h**2 + 13*h - 126. Let j be w(-20). Let r(q) = -2*q + 28. Determine r(j).
0
Let j(l) = l**3 - 5*l**2 - l + 1. Suppose 252*f - 275*f = -92. Determine j(f).
-19
Let x(c) = c**2 - 3*c - 3. Suppose -k + 32 = -2*o - 3*o, 4*k = -5*o - 22. Determine x(o).
51
Let f(i) = -9*i - 44. Let q(u) = 48*u + 222. Let s(o) = -11*f(o) - 2*q(o). Calculate s(-11).
7
Suppose -y - 4 - 6 = 0. Let c = 1 + y. Let k be 1/(c/12)*-3. Let i(l) = 3*l - 5. What is i(k)?
7
Let o(t) = -27*t**3 - 3*t**2 + 4*t + 3. Let b(h) = 29*h**3 + 4*h**2 - 5*h - 4. Let s(m) = -4*b(m) - 5*o(m). Determine s(1).
19
Let v(z) = z**3 - z**2 - 3*z - 1. Let i(p) = -p + 10. Let q be (-441)/42*2/(-3). Let g be i(q). What is v(g)?
8
Let z(c) = -5*c - 10. Let m be (-96)/10 + 1 + 636/1060. Calculate z(m).
30
Let t(o) = 3 + 3*o**2 - 3*o**2 + 6*o - 2*o + 2*o**2. Suppose 31 = -2*s + 3*f + 7, -2*f = 4*s + 64. Let k = s - -12. Determine t(k).
9
Suppose -15 = 5*s, -s - 33 = -3*r + 2*s. Let d(l) = 2*l - 10. Let k be d(r). Let w(v) = v**2 - 5*v + 3. Determine w(k).
9
Let w(q) be the second derivative of 13*q - q**3 + 0 + q**2 + 1/12*q**4. Give w(7).
9
Let h(w) = w**3 + 2. Let r(f) = -16*f**2 + 19*f + 20. Let c(l) = -h(l) + r(l). What is c(-17)?
-16
Let t(b) = 2*b**2 + 6*b + 2. Suppose -25 = 4*p - x - 9, -5*x = 0. Determine t(p).
10
Let c(f) = 14*f - 1. Let j(s) = -4*s. Let w(x) = c(x) + 3*j(x). What is w(-5)?
-11
Suppose -3 = 19*b - 20*b. Suppose i = -4*s + 5, -s - i = -b*i + 1. Let f(h) = 4*h + 1. Calculate f(s).
5
Let r(u) = 5*u**3 + 13*u**2 + 33*u - 18. Let a(q) = -9*q**3 - 27*q**2 - 65*q + 36. Let d(g) = 4*a(g) + 7*r(g). Determine d(-15).
3
Let a(d) = d**3 - d + 6. Let v be a(0). Let i(s) = -640 + 3*s - 638 + 1269. Give i(v).
9
Let c(z) = -19*z**2 - 3*z + z**3 + 7 + 26*z + 26*z**2 + 1 + 6*z**2. Give c(-11).
-3
Let r(x) = x**3 + 13*x**2 + 12*x + 1. Let o = -125 + 441. Let v be o/(-26) + 2/13. What is r(v)?
1
Let b = -70 - -75. Let s(q) = -1 - 2*q**2 - 2*q**3 + b*q**2 + 3*q**3. Give s(-3).
-1
Let f(n) be the second derivative of -1/12*n**4 + 0*n**2 + 3*n - 1/6*n**3 + 0. Give f(1).
-2
Let r(b) = -5*b**2 + 3*b + 3. Suppose 0 = 3*v - 5*k - 2, 25*k = 5*v + 24*k + 4. Determine r(v).
-5
Suppose -l = 2 - 4. Let x(m) = 6 - 8*m - 5*m**l - 1 + 4*m - m**3. Let p be x(-4). Let h(f) = -f**3 + 6*f**2 - 8*f + 5. What is h(p)?
-10
Let v(t) be the first derivative of t**4 - t**2/2 - 96. Suppose -r - 2 = -3*r. What is v(r)?
3
Let v(j) = -8*j**2 - 5*j. Let d(x) = -x**2 - x + 1. Let a(z) = -2*d(z) + v(z). Determine a(-2).
-20
Suppose -4*d + 5*y + 21 = 2*y, 3*d - 3 = -2*y. Let g(b) = -b + 36*b**3 + 2 - 17*b**d - 2. Give g(1).
18
Let x(t) = -t**2 + 10*t + 29. Let m be x(12). Let p = 4 + -3. Let l(d) = -p + 1 + 3 - 2 - d. Determine l(m).
-4
Suppose 3*l - v = 65, -2*l + 4*v - 2*v + 46 = 0. Let r = l + -16. Let i(x) = -x - 1. Give i(r).
-6
Let v(o) = o**2 + 19*o + 18. Let g(l) = l**2 + 13*l + 22. Let q be g(-8). Wh